{"id":58,"date":"2022-06-06T09:09:04","date_gmt":"2022-06-06T09:09:04","guid":{"rendered":"https:\/\/netsi.metaling.si\/wordpress\/?page_id=58"},"modified":"2022-06-07T13:52:23","modified_gmt":"2022-06-07T13:52:23","slug":"o-druzbi","status":"publish","type":"page","link":"https:\/\/netsi.metaling.si\/wordpress\/","title":{"rendered":"Osnovni podatki"},"content":{"rendered":"\n<p><strong>Metaling d.o.o.<br>Krakovo 11,<br>1433 Rade\u010de<\/strong><br><br>\u0160t. registrskega vpisa: 1-1314-00 pri Okro\u017enem sodi\u0161\u010du v Celju<br>ID za DDV: SI75534720<br>Mati\u010dna \u0161tevilka: 5350018<br>Dru\u017eba je zavezana za pla\u010dilo davka na dodano vrednost (DDV) pod identifikacijsko \u0161tevilko za DDV: SI75534720, pri Dav\u010dnem uradu Celje.<br><br>Poslovna enota Celje:<br>Smrekarjeva 1, 3000 Celje<br><br>Telefon: (03) 426-85-00<br>Faks: (03) 490-47-41<br>Transakcijska ra\u010duna:<br>SI56 6100 0001 4696 720 &#8211; DELAVSKA HRANILNICA d.d.<br><br><br>Osnovni kapital podjetja je 100.000,00 EUR <\/p>\n","protected":false},"excerpt":{"rendered":"<p>Metaling d.o.o.Krakovo 11,1433 Rade\u010de \u0160t. registrskega vpisa: 1-1314-00 pri Okro\u017enem sodi\u0161\u010du v CeljuID za DDV: SI75534720Mati\u010dna \u0161tevilka: 5350018Dru\u017eba je zavezana za pla\u010dilo davka na dodano vrednost (DDV) pod identifikacijsko \u0161tevilko za DDV: SI75534720, pri Dav\u010dnem uradu Celje. Poslovna enota Celje:Smrekarjeva 1, 3000 Celje Telefon: (03) 426-85-00Faks: (03) 490-47-41Transakcijska ra\u010duna:SI56 6100 0001 4696 720 &#8211; DELAVSKA &hellip; <\/p>\n<p class=\"link-more\"><a href=\"https:\/\/netsi.metaling.si\/wordpress\/\" class=\"more-link\">Continue reading<span class=\"screen-reader-text\"> &#8220;Osnovni podatki&#8221;<\/span><\/a><\/p>\n","protected":false},"author":1,"featured_media":0,"parent":0,"menu_order":0,"comment_status":"closed","ping_status":"closed","template":"","meta":{"footnotes":""},"class_list":["post-58","page","type-page","status-publish","hentry"],"yoast_head":"<!-- This site is optimized with the Yoast SEO plugin v19.0 - https:\/\/yoast.com\/wordpress\/plugins\/seo\/ -->\n<title>Osnovni podatki -<\/title>\n<meta name=\"robots\" content=\"index, follow, max-snippet:-1, max-image-preview:large, max-video-preview:-1\" \/>\n<link rel=\"canonical\" href=\"https:\/\/netsi.metaling.si\/wordpress\/\" \/>\n<meta property=\"og:locale\" content=\"en_US\" \/>\n<meta property=\"og:type\" content=\"article\" \/>\n<meta property=\"og:title\" content=\"Osnovni podatki -\" \/>\n<meta property=\"og:description\" content=\"Metaling d.o.o.Krakovo 11,1433 Rade\u010de \u0160t. registrskega vpisa: 1-1314-00 pri Okro\u017enem sodi\u0161\u010du v CeljuID za DDV: SI75534720Mati\u010dna \u0161tevilka: 5350018Dru\u017eba je zavezana za pla\u010dilo davka na dodano vrednost (DDV) pod identifikacijsko \u0161tevilko za DDV: SI75534720, pri Dav\u010dnem uradu Celje. Poslovna enota Celje:Smrekarjeva 1, 3000 Celje Telefon: (03) 426-85-00Faks: (03) 490-47-41Transakcijska ra\u010duna:SI56 6100 0001 4696 720 &#8211; DELAVSKA &hellip; Continue reading &quot;Osnovni podatki&quot;\" \/>\n<meta property=\"og:url\" content=\"https:\/\/netsi.metaling.si\/wordpress\/\" \/>\n<meta property=\"article:modified_time\" content=\"2022-06-07T13:52:23+00:00\" \/>\n<meta name=\"twitter:card\" content=\"summary_large_image\" \/>\n<meta name=\"twitter:label1\" content=\"Est. reading time\" \/>\n\t<meta name=\"twitter:data1\" content=\"1 minute\" \/>\n<script type=\"application\/ld+json\" class=\"yoast-schema-graph\">{\"@context\":\"https:\/\/schema.org\",\"@graph\":[{\"@type\":\"WebSite\",\"@id\":\"https:\/\/netsi.metaling.si\/wordpress\/#website\",\"url\":\"https:\/\/netsi.metaling.si\/wordpress\/\",\"name\":\"\",\"description\":\"\",\"potentialAction\":[{\"@type\":\"SearchAction\",\"target\":{\"@type\":\"EntryPoint\",\"urlTemplate\":\"https:\/\/netsi.metaling.si\/wordpress\/?s={search_term_string}\"},\"query-input\":\"required name=search_term_string\"}],\"inLanguage\":\"en-US\"},{\"@type\":\"WebPage\",\"@id\":\"https:\/\/netsi.metaling.si\/wordpress\/#webpage\",\"url\":\"https:\/\/netsi.metaling.si\/wordpress\/\",\"name\":\"Osnovni podatki -\",\"isPartOf\":{\"@id\":\"https:\/\/netsi.metaling.si\/wordpress\/#website\"},\"datePublished\":\"2022-06-06T09:09:04+00:00\",\"dateModified\":\"2022-06-07T13:52:23+00:00\",\"breadcrumb\":{\"@id\":\"https:\/\/netsi.metaling.si\/wordpress\/#breadcrumb\"},\"inLanguage\":\"en-US\",\"potentialAction\":[{\"@type\":\"ReadAction\",\"target\":[\"https:\/\/netsi.metaling.si\/wordpress\/\"]}]},{\"@type\":\"BreadcrumbList\",\"@id\":\"https:\/\/netsi.metaling.si\/wordpress\/#breadcrumb\",\"itemListElement\":[{\"@type\":\"ListItem\",\"position\":1,\"name\":\"Home\",\"item\":\"https:\/\/netsi.metaling.si\/wordpress\/\"},{\"@type\":\"ListItem\",\"position\":2,\"name\":\"Osnovni podatki\"}]}]}<\/script>\n<!-- \/ Yoast SEO plugin. -->","yoast_head_json":{"title":"Osnovni podatki -","robots":{"index":"index","follow":"follow","max-snippet":"max-snippet:-1","max-image-preview":"max-image-preview:large","max-video-preview":"max-video-preview:-1"},"canonical":"https:\/\/netsi.metaling.si\/wordpress\/","og_locale":"en_US","og_type":"article","og_title":"Osnovni podatki -","og_description":"Metaling d.o.o.Krakovo 11,1433 Rade\u010de \u0160t. registrskega vpisa: 1-1314-00 pri Okro\u017enem sodi\u0161\u010du v CeljuID za DDV: SI75534720Mati\u010dna \u0161tevilka: 5350018Dru\u017eba je zavezana za pla\u010dilo davka na dodano vrednost (DDV) pod identifikacijsko \u0161tevilko za DDV: SI75534720, pri Dav\u010dnem uradu Celje. Poslovna enota Celje:Smrekarjeva 1, 3000 Celje Telefon: (03) 426-85-00Faks: (03) 490-47-41Transakcijska ra\u010duna:SI56 6100 0001 4696 720 &#8211; DELAVSKA &hellip; Continue reading \"Osnovni podatki\"","og_url":"https:\/\/netsi.metaling.si\/wordpress\/","article_modified_time":"2022-06-07T13:52:23+00:00","twitter_card":"summary_large_image","twitter_misc":{"Est. reading time":"1 minute"},"schema":{"@context":"https:\/\/schema.org","@graph":[{"@type":"WebSite","@id":"https:\/\/netsi.metaling.si\/wordpress\/#website","url":"https:\/\/netsi.metaling.si\/wordpress\/","name":"","description":"","potentialAction":[{"@type":"SearchAction","target":{"@type":"EntryPoint","urlTemplate":"https:\/\/netsi.metaling.si\/wordpress\/?s={search_term_string}"},"query-input":"required name=search_term_string"}],"inLanguage":"en-US"},{"@type":"WebPage","@id":"https:\/\/netsi.metaling.si\/wordpress\/#webpage","url":"https:\/\/netsi.metaling.si\/wordpress\/","name":"Osnovni podatki -","isPartOf":{"@id":"https:\/\/netsi.metaling.si\/wordpress\/#website"},"datePublished":"2022-06-06T09:09:04+00:00","dateModified":"2022-06-07T13:52:23+00:00","breadcrumb":{"@id":"https:\/\/netsi.metaling.si\/wordpress\/#breadcrumb"},"inLanguage":"en-US","potentialAction":[{"@type":"ReadAction","target":["https:\/\/netsi.metaling.si\/wordpress\/"]}]},{"@type":"BreadcrumbList","@id":"https:\/\/netsi.metaling.si\/wordpress\/#breadcrumb","itemListElement":[{"@type":"ListItem","position":1,"name":"Home","item":"https:\/\/netsi.metaling.si\/wordpress\/"},{"@type":"ListItem","position":2,"name":"Osnovni podatki"}]}]}},"_links":{"self":[{"href":"https:\/\/netsi.metaling.si\/wordpress\/index.php?rest_route=\/wp\/v2\/pages\/58","targetHints":{"allow":["GET"]}}],"collection":[{"href":"https:\/\/netsi.metaling.si\/wordpress\/index.php?rest_route=\/wp\/v2\/pages"}],"about":[{"href":"https:\/\/netsi.metaling.si\/wordpress\/index.php?rest_route=\/wp\/v2\/types\/page"}],"author":[{"embeddable":true,"href":"https:\/\/netsi.metaling.si\/wordpress\/index.php?rest_route=\/wp\/v2\/users\/1"}],"replies":[{"embeddable":true,"href":"https:\/\/netsi.metaling.si\/wordpress\/index.php?rest_route=%2Fwp%2Fv2%2Fcomments&post=58"}],"version-history":[{"count":5,"href":"https:\/\/netsi.metaling.si\/wordpress\/index.php?rest_route=\/wp\/v2\/pages\/58\/revisions"}],"predecessor-version":[{"id":83,"href":"https:\/\/netsi.metaling.si\/wordpress\/index.php?rest_route=\/wp\/v2\/pages\/58\/revisions\/83"}],"wp:attachment":[{"href":"https:\/\/netsi.metaling.si\/wordpress\/index.php?rest_route=%2Fwp%2Fv2%2Fmedia&parent=58"}],"curies":[{"name":"wp","href":"https:\/\/api.w.org\/{rel}","templated":true}]}}